63).
3, 23, 251
What are the prime factors of (-183)/610 + 413769/30?
2, 431
Let v(o) = 21*o - 4*o + 7 - 3. Let y = -110 + 114. List the prime factors of v(y).
2, 3
Let u(n) = 40*n - 2. Let a(t) = t. Let i(o) = o**3 + 9*o**2 - 23*o - 10. Let d be i(-11). Let h(l) = d*u(l) - a(l). List the prime factors of h(1).
37
Let w(j) = j**2 + 8*j + 19. Let b be w(-5). Suppose 33*f = 37*f + b. Let k = f + 52. List the prime factors of k.
3, 17
Let r(l) = -l**2 + 28. Let d be r(-5). Suppose 2*z + d*b + 245 = 4*z, 4*z + 4*b = 540. List the prime factors of z.
2, 5, 13
Suppose 0 = 5*m + y - 8138, -41*m + 6536 = -37*m + 4*y. What are the prime factors of m?
2, 3, 271
Let s(o) be the third derivative of 2*o**5/15 + o**4/3 + 4*o**3/3 + 74*o**2 + 2*o. Suppose -4*f - 16 + 0 = 0. What are the prime factors of s(f)?
2, 13
Suppose -36*h = -41*h + 3*q + 69829, -h + 14001 = -5*q. What are the prime factors of h?
23, 607
Suppose -275*x + 29349 = 2*y - 280*x, -x = 5. List the prime factors of y.
2, 7331
Let o(x) = x**3 + 9*x**2 - 2*x - 31. Let u be (-68)/4 - (1 - 2 - 2). Let l be (-3)/(3/u*-2). What are the prime factors of o(l)?
3
Let y = 22 - 19. Suppose 3*z = -5*c + 395, y*z + 236 = -4*c + 555. Suppose -c = -4*i + 3*i. What are the prime factors of i?
2, 19
Suppose -2*z + 4*z + 6*z = 0. Suppose 7*p + 1436 - 4250 = z. List the prime factors of p.
2, 3, 67
Let w = 24 - -71. Suppose 103 + w = -3*r. Let z = r - -119. What are the prime factors of z?
53
What are the prime factors of (0 - (-24)/(-6)) + 3006?
2, 19, 79
Suppose -b + 2*j + 6 = 0, -5*b - 5*j + 15 = -0*j. Suppose -4*u = u - 3*s - 1648, 4*s = b*u - 1312. List the prime factors of u.
2, 83
Let m(i) = 10*i - 231. Let g be m(49). Let c(k) = -18*k**2 + 3*k. Let l be c(-3). Let q = l + g. List the prime factors of q.
2, 11
Let z be (2 + 0 + -3)/(8/(-3856)). Suppose 339 = 5*i + 4*n - z, 3*i + 5*n = 490. List the prime factors of i.
3, 5, 11
Let p = -132 + 138. List the prime factors of 43328/96 + (-2)/p.
11, 41
Let q = -5901 + 12504. List the prime factors of q.
3, 31, 71
Let m(r) be the first derivative of -5*r**2 + r + 0*r - 18*r - 7 - 2*r. What are the prime factors of m(-6)?
41
Suppose -y = -2*a - 10, 2*y - a = 2*a + 15. Suppose y = -4*f - 183 - 1. What are the prime factors of (50 - 50) + (0 + f)*-2?
2, 23
Let k = 18987 + -8741. What are the prime factors of k?
2, 47, 109
Let k(q) = 9*q**3 + 2*q**2 - 4*q**2 - q - 9*q**3 - 4*q**3. Let i be k(-1). Suppose -a - 29 = -4*z + 6, -4*z - i*a = -55. What are the prime factors of z?
2, 5
Let r(w) = 31*w - 24. Let c(y) = -y**2 - 8*y + 12. Let t be c(-9). What are the prime factors of r(t)?
3, 23
Let p(r) = 26*r**3 + r**2 + 2*r - 2. Let q be p(2). Let c be (566/849)/((-2)/110*10/(-36)). Let v = q - c. List the prime factors of v.
2, 41
Suppose 2*l = 5*l. Suppose 6*q - 2779 - 1097 = l. What are the prime factors of q?
2, 17, 19
Let x(m) = 71*m**3 + 2*m**2 - 2. Let j = 2 + 8. Let g be 12/42 - j/(-14). List the prime factors of x(g).
71
Suppose 2*h = -5*m + 149181, -4*m = -3*h - 105387 - 13944. What are the prime factors of m?
3, 5, 13, 17
Suppose 17973 = 11*z + 5829. Let u = -596 + z. What are the prime factors of u?
2, 127
Let j = 62400 + -24643. What are the prime factors of j?
17, 2221
Suppose 0 = 5*v + 4*i - 82653, 0 = 29*v - 32*v + 2*i + 49561. List the prime factors of v.
5, 661
List the prime factors of (-7)/28 + ((-4)/32)/(3/(-55134)).
2297
Suppose -4*x = -5*m - 13355, -5*x - 513 = -3*m - 17223. What are the prime factors of x?
3, 5, 223
Suppose 9*f + 4*k = 5*f + 287372, 2*k - 16 = 0. What are the prime factors of f?
3, 5, 4789
Suppose -4*b + 441 = 3*v - 1175, 4*v = 3*b + 2138. Suppose -j + v = 4*h, 3*j - 1368 = 4*h + 224. What are the prime factors of j?
2, 7, 19
Suppose 3 - 45 = -6*c. Suppose -1 = -c*d + 34. Suppose d*j = 74 + 476. What are the prime factors of j?
2, 5, 11
What are the prime factors of (-6)/(-15) - (-2496120)/200?
7, 1783
Let z be ((15/(-6))/(-5))/(1/(-32)). Let d(h) = -4*h + 3. Let w be d(z). Suppose -w*c = -63*c - 264. What are the prime factors of c?
2, 3, 11
Suppose -109*z - 4128840 = -289*z. List the prime factors of z.
2, 3, 3823
Let b = 432 + -177. Let x = b - 96. What are the prime factors of x?
3, 53
Let k = 46 - 48. Let n be -3 - k - (12 - 16). List the prime factors of 2*n/(-6) + 56.
5, 11
Suppose 0*p + 5*p = -y + 23, -3*y = -3*p + 21. Suppose -p*q + 3*o + 676 = 0, -3*q + 0*q + 408 = -3*o. What are the prime factors of q?
2, 67
Let c(s) = -588*s**2 - 21*s - 2. Let o(b) = 147*b**2 + 5*b + 1. Let n(d) = 2*c(d) + 9*o(d). What are the prime factors of n(-1)?
149
Let f be 2 + -2*2 - (2 - 7). Suppose -2*o - 2*x + f = -3*x, -o + 12 = 3*x. Suppose -2*n - o*a + 13 = 5, -4*n - 5*a + 16 = 0. What are the prime factors of n?
2
Let g = -12000 + 19828. List the prime factors of g.
2, 19, 103
Let x = -3696 + 4158. What are the prime factors of x?
2, 3, 7, 11
Let f = -748 + 936. Let j = f - -1518. What are the prime factors of j?
2, 853
Let f(m) = -m**3 - 14*m**2 + 11*m - 4. Let k be f(-15). Let d = k + -56. Suppose y - 239 + 95 = d. What are the prime factors of y?
2, 3
Suppose -8071 = 4*p - 2*h - 165893, 3*p = h + 118363. What are the prime factors of p?
2, 7, 1409
Let s be 554/3 + (-4)/6. Let p(c) = -c**3 + 32*c**2 - 2*c + 87. Let a be p(32). Suppose -a*g - s = -25*g. List the prime factors of g.
2, 23
What are the prime factors of -201*197*(-20)/30?
2, 67, 197
Suppose 2*s + 3*g + 0*g = -67, 4*s = -2*g - 130. Let h = 42 + s. Suppose -2*p + 10 = 3*p, -p + h = r. What are the prime factors of r?
2
Let t(o) = -o**3 + 10*o**2 - 4*o - 20. Let f be t(9). Let c(d) = -27 + 171*d**2 - 2 - 145*d**2 - 22*d - d**3. List the prime factors of c(f).
2, 23
Suppose -142133 = -13*o + 50857 - 16502. What are the prime factors of o?
2, 1697
Suppose 0 = -126*a - 13*a + 206276. What are the prime factors of a?
2, 7, 53
Let z = -79622 - -131752. What are the prime factors of z?
2, 5, 13, 401
Let c be (-8)/28 + (-172)/(-14). Let y be (1 + 2)/(c/(-40)). List the prime factors of (45/y)/9*-86.
43
Let t(j) be the second derivative of -13*j**3/6 + 10*j**2 - 11*j. Let h be t(-6). Suppose -h = 4*v - 402. List the prime factors of v.
2, 19
Let n = 273 - 154. Suppose -5*x - n = -2*b, -5*x + 2*x = -2*b + 117. Suppose b = z - 28. What are the prime factors of z?
5, 17
Suppose -3*b - 5*q = -4*q - 1760, -q + 2348 = 4*b. Let t = b - 451. List the prime factors of t.
137
Suppose 144*i = 139*i + 2*s + 202736, 5*s + 40515 = i. List the prime factors of i.
2, 5, 811
Let z(k) = -k**3 - 3*k**2 - 4*k - 9. Let d be z(-3). Suppose -8*x + d = 3. Suppose x = -2*u + 193 - 19. What are the prime factors of u?
3, 29
Let h = -394 + 395. Let y(s) = 477*s**2 - 2*s + 2. What are the prime factors of y(h)?
3, 53
Let a(g) = -32*g - 67. Let q be a(5). List the prime factors of 5/(q/(-1008) - 36/162).
2, 3, 5, 7
Suppose -86502 = -2*c - 5*d, 0*c + 432718 = 10*c - d. List the prime factors of c.
43271
Suppose 0*p + 60 = 12*p. Suppose 14*i - 8100 = p*i. What are the prime factors of i?
2, 3, 5
Let y = 2158 + -1459. Let c = 867 + y. What are the prime factors of c?
2, 3, 29
What are the prime factors of -2504*(-10)/(-280)*7*-5?
2, 5, 313
Let h be ((-10)/(-15))/((-4)/2226). List the prime factors of (h/2)/((0 - -4)/(-8)).
7, 53
Suppose 5707 - 21131 = -32*k. Let d = 608 - k. What are the prime factors of d?
2, 3, 7
List the prime factors of -178 - -174 - (2 - 9477).
3, 7, 11, 41
Let g = 10375 - 5466. Suppose 16*i - g - 163 = 0. What are the prime factors of i?
317
Let i(c) = -c + 15. Let q be i(8). Suppose t - q*t = -14688. What are the prime factors of t/28 - (-4)/7?
2, 11
Let h(n) be the third derivative of n**5/60 - 5*n**4/24 - 56*n**3/3 + 131*n**2. List the prime factors of h(15).
2, 19
What are the prime factors of (-284450)/(-15) + (38/30 - (-114)/(-190))?
2, 11, 431
Let b = -5168 + 20857. What are the prime factors of b?
29, 541
Suppose 50931 + 81251 = 53*v. What are the prime factors of v?
2, 29, 43
Let m(s) = -5*s**3 - 6*s**2 - 20*s + 3. Let k be 2/(-6)*(5 - (1 - 8)). What are the prime factors of m(k)?
307
Let i(k) = -4770*k**3 + 7*k**2 + 17*k + 1. List the prime factors of i(-1).
3, 23
Suppose 212 = -4*g - 4*w, -195 = 5*g - 4*w + 34. Let m be (-5152)/g + 2/(-14). Suppose -9*z + 939 = -m. What are the